{"id":14,"date":"2019-08-24T00:42:42","date_gmt":"2019-08-24T00:42:42","guid":{"rendered":"https:\/\/samuname.com\/?page_id=14"},"modified":"2019-09-14T22:37:42","modified_gmt":"2019-09-14T22:37:42","slug":"fotografias","status":"publish","type":"page","link":"https:\/\/samuname.com\/?page_id=14","title":{"rendered":"Fotograf\u00edas"},"content":{"rendered":"\n<p>Las fotograf\u00edas  son otra herramienta de investigaci\u00f3n , donde a trav\u00e9s de distintas series  busco encontrar esos \u00abpeque\u00f1os nada\u00bb (Tasia, 2016) casi imperceptibles, que pasamos por alto en la mirada habitual y que sin embargo son ese un nexo com\u00fan en nuestros espacios-tiempos.<\/p>\n\n\n\n<p>\u00bfQu\u00e9 queda de esencial en un ente cuando se pone en  relaci\u00f3n con objetos, espacios y personas ? \u00bfExiste una estructura  com\u00fan en la que las particularidades son solamente concentraciones  de la realidad?<\/p>\n\n\n\n<p>Cuando se selecciona una parte de la realidad  a trav\u00e9s de la descomposici\u00f3n de la imagen, \u00bf Qu\u00e9 queda de \u00abesencial\u00bb del objeto o humano? \u00bfQu\u00e9 queda de humano cuando el humano solamente es un elemento de una composici\u00f3n o muestro un  simple rastro de su paso existencial? \u00bfHay identidad espec\u00edficamente humana? <\/p>\n\n\n\n<p>Todo ello est\u00e1  influenciado por los conceptos \u00abtierra\u00bb y \u00abmundo\u00bb de M. Heidegger (\u00ab\u00bfQue es metaf\u00edsica?\u00bb, \u00abConstruir,habitar, pensar\u00bb, \u00abEl origen de la obra de arte\u00bb ) y el proceso \u00abnegativo\u00bb y de relaci\u00f3n de \u00abunidades livianas\u00bb del trabajo de Jorge Oteiza (\u00abQuosque tamdem\u00bb)<\/p>\n\n\n\n<p><a href=\"https:\/\/samuname.com\/?flagallery=abstraccion\">Abstracci\u00f3n en la realidad<\/a>, <a href=\"https:\/\/samuname.com\/?flagallery=rastros\">rastros<\/a>, el trabajo fotogr\u00e1fico que hice en Paris sobre el espect\u00e1culo de la cie. Pas de Dieux:  <a href=\"https:\/\/samuname.com\/?flagallery=donqui\">\u00abDONQUI\u00bb<\/a>, <a href=\"https:\/\/samuname.com\/?flagallery=casasocupadas\">casas ocupadas<\/a>,  <a href=\"https:\/\/samuname.com\/?flagallery=285-2\">series<\/a>,<a href=\"https:\/\/samuname.com\/?flagallery=272-2 \">  <\/a><a href=\"https:\/\/samuname.com\/?flagallery=urbanas\">urbanas<\/a><a href=\"https:\/\/samuname.com\/?flagallery=272-2 \"> <\/a>o incluso<a href=\"https:\/\/samuname.com\/?flagallery=272-2 \"> retratos  <\/a>buscan poner de manifiesto un \u00abpetit\u00bb com\u00fan, esa \u00abfuerza d\u00e9bil\u00bba modo de gravedad,  no como una verdad absoluta sino como imperceptibles hilos verdaderos de transmisi\u00f3n, que evidencian una realidad relacional. Para m\u00ed  otra herramienta de experimentaci\u00f3n para rastrear los procesos de transmisi\u00f3n (el \u00bfC\u00f3mo? y no el \u00bfQu\u00e9?)<\/p>\n","protected":false},"excerpt":{"rendered":"<p>Las fotograf\u00edas son otra herramienta de investigaci\u00f3n , donde a trav\u00e9s de distintas series busco encontrar esos \u00abpeque\u00f1os nada\u00bb (Tasia, 2016) casi imperceptibles, que pasamos por alto en la mirada habitual y que sin embargo son ese un nexo com\u00fan en nuestros espacios-tiempos. \u00bfQu\u00e9 queda de esencial en un ente cuando se pone en relaci\u00f3n &hellip; <a href=\"https:\/\/samuname.com\/?page_id=14\" class=\"more-link\">Continuar leyendo<span class=\"screen-reader-text\"> \u00abFotograf\u00edas\u00bb<\/span><\/a><\/p>\n","protected":false},"author":1,"featured_media":0,"parent":0,"menu_order":0,"comment_status":"closed","ping_status":"closed","template":"","meta":{"sfsi_plus_gutenberg_text_before_share":"","sfsi_plus_gutenberg_show_text_before_share":"","sfsi_plus_gutenberg_icon_type":"","sfsi_plus_gutenberg_icon_alignemt":"","sfsi_plus_gutenburg_max_per_row":"","ngg_post_thumbnail":0,"footnotes":""},"class_list":["post-14","page","type-page","status-publish","hentry"],"_links":{"self":[{"href":"https:\/\/samuname.com\/index.php?rest_route=\/wp\/v2\/pages\/14","targetHints":{"allow":["GET"]}}],"collection":[{"href":"https:\/\/samuname.com\/index.php?rest_route=\/wp\/v2\/pages"}],"about":[{"href":"https:\/\/samuname.com\/index.php?rest_route=\/wp\/v2\/types\/page"}],"author":[{"embeddable":true,"href":"https:\/\/samuname.com\/index.php?rest_route=\/wp\/v2\/users\/1"}],"replies":[{"embeddable":true,"href":"https:\/\/samuname.com\/index.php?rest_route=%2Fwp%2Fv2%2Fcomments&post=14"}],"version-history":[{"count":41,"href":"https:\/\/samuname.com\/index.php?rest_route=\/wp\/v2\/pages\/14\/revisions"}],"predecessor-version":[{"id":419,"href":"https:\/\/samuname.com\/index.php?rest_route=\/wp\/v2\/pages\/14\/revisions\/419"}],"wp:attachment":[{"href":"https:\/\/samuname.com\/index.php?rest_route=%2Fwp%2Fv2%2Fmedia&parent=14"}],"curies":[{"name":"wp","href":"https:\/\/api.w.org\/{rel}","templated":true}]}}