{"id":40,"date":"2019-08-24T08:52:54","date_gmt":"2019-08-24T08:52:54","guid":{"rendered":"https:\/\/samuname.com\/?page_id=40"},"modified":"2019-09-14T22:37:18","modified_gmt":"2019-09-14T22:37:18","slug":"karate","status":"publish","type":"page","link":"https:\/\/samuname.com\/?page_id=40","title":{"rendered":"Karate"},"content":{"rendered":"\n<p><strong>Mi sistema de entrenamiento del Karate, or\u00edgenes y aprendizaje<\/strong><\/p>\n\n\n\n<p>Inicio en 1981 el karate con&nbsp;<strong>Sakae Sakakibara<\/strong>,&nbsp;de&nbsp;<strong>Nanzan&nbsp;University<\/strong>, con la referencia de su maestro<strong>&nbsp;Kachi Norio<\/strong>, alumno de la universidad de&nbsp;<strong>Senshu<\/strong>, donde el instructor jefe era&nbsp;<strong>M<\/strong>.&nbsp;<strong>Hironishi (<\/strong>instructor jefe en el<strong>&nbsp;DOJO Shotokan&nbsp;<\/strong>de<strong>Funakoshi)<\/strong>. Aunque waka sensei (<strong>Yoshitaka Funkoshi<\/strong>) era tambi\u00e9n instructor visitante en Senshu, as\u00ed como su padre Gichin Funakoshi, el estilo era&nbsp;la pura conservaci\u00f3n del estilo de Gichin, &nbsp;representado por Hironishi, presidente de la shotokai. Para ello, Kachi Norio&nbsp;form\u00f3 la&nbsp;<strong>Nanku Kai<\/strong>&nbsp;que era un asociaci\u00f3n de la universidad de Nanzan, asociada a la&nbsp;<strong>Shotokai<\/strong>.<\/p>\n\n\n\n<p>El estilo &nbsp;no corresponde a la evoluci\u00f3n de Gigo,\u2026 Egami\u2026. Okuyama\u2026 en cuanto al uso del cuerpo, sino a la conservaci\u00f3n del estilo r\u00edgido de Gichin.<\/p>\n\n\n\n<p>Hay que recordar que, en esos tiempos, era habitual que cada universidad tuviera ligeras variantes t\u00e9cnicas en los kata, algo as\u00ed como la marca propia, lo que hizo que asociaciones de universidades fueran luego \u201cestilos\u201d.<\/p>\n\n\n\n<p>En 1982, tras&nbsp;la muerte de Egami, el grupo nanku kai, se une a&nbsp;<strong>sensei H. Kanazawa<\/strong>que forma la&nbsp;<strong>SKI<\/strong>, a trav\u00e9s de una serie de cursos, entre ellos uno en Lujua, Bizkaia, donde veo por primera vez a Kanazawa. Estando presentes otros maestros, se produce el paso a la SKI, para perplejidad de Sakae Sakakibara.. por razones t\u00e9cnicas, un ejemplo: &nbsp;el yoko geri keage NO existe en la nanku kai, y de respeto a la tradici\u00f3n de la nanku kai:&nbsp;los kata, \u00bfC\u00f3mo son y cuales ? (15 o los 23 de kanazawa que ven\u00eda de JKA)<\/p>\n\n\n\n<p>En 1984 compatibilizo el entrenamiento con Sakae, 3 d\u00edas a la semana, &nbsp;con Osamu Aoki, en Getxo, con el que estoy unos 10&nbsp;meses, otros 3 d\u00edas a la semana. Aoki ten\u00eda un trabajo variado y detallado &nbsp;muy eficaz en el desarrollo de la t\u00e9cnica b\u00e1sica. La JKA tiene una buena metodolog\u00eda b\u00e1sica.<\/p>\n\n\n\n<p>En 1987 empiezo a dar clases en Leioa, Bizkaia.<\/p>\n\n\n\n<p>A finales de&nbsp;1990, tras un periodo,&nbsp;vuelvo al<strong>&nbsp;Shin Kuu Kan<\/strong>, de Getxo, donde ya el instructor jefe era&nbsp;<strong>F\u00e9lix Sa\u00e9nz<\/strong>, O. Aoki hab\u00eda marchado a Alicante.<strong>&nbsp;F\u00e9lix Sa\u00e9nz<\/strong>&nbsp;es el mejor entrenador que he tenido, que no maestro, con una metodolog\u00eda extraordinaria, que permit\u00eda el desarrollo variado de la t\u00e9cnica. Es una personalidad del karate no suficientemente valorada.<\/p>\n\n\n\n<p>En 1991 empiezo a recorrer seminarios de maestros mirando&nbsp;su sistema y su evoluci\u00f3n. Vuelvo a asistir a cursos con kazanawa (y sus instructores de la SKI: ichikawa, Koga, Murakami\u2026), ITKF (Nishiyama, Shirai, Naito, Kawazoe), busco en &nbsp;or\u00edgenes de los kata (Shorin Ryu con K. Miyahira y sus instructores: Maeshiro, Higa, Nakamura, Nakazato, Chinen\u2026) y T. Kase\u2026<\/p>\n\n\n\n<p><strong>Taiji Kase<\/strong>&nbsp;me sorprende enormemente cuando lo veo. Su kime, su energ\u00eda, su desarrollo de karate, los conceptos, las variantes\u2026&nbsp;un mundo enorme y con sentido t\u00e9cnico, no de capacidad atl\u00e9tica (lease otros maestros JKA)&nbsp;sino&nbsp;BUDO.<\/p>\n\n\n\n<p>En 1988 hab\u00eda muerto Nakayama y por fin era libre Kase de desarrollar su karate p\u00fablicamente (no olvidemos que el maestro de Kase es Hironoshi, presidente de la Shotokai), puesto que por el sistema de antig\u00fcedad japon\u00e9s, respetaba la posici\u00f3n de Nakayama mientras viv\u00eda (m\u00e1s o menos).<\/p>\n\n\n\n<p>Empec\u00e9 a seguirlo por Europa hasta su muerte en 2004. Fue el \u00fatimo que me examin\u00f3, de 3.r dan en 2001. Y con su muerte&nbsp;nadie m\u00e1s puede hacerlo, en mi modo de pensar, despu\u00e9s de \u00e9l.<\/p>\n\n\n\n<p>En el desarrollo de los kata reconoc\u00ed los kata que empec\u00e9 aprendiendo con Sakae Sakakibara por una evidencia: T. Kase ven\u00eda de la misma universidad que Kachi Norio, Senshu, y, aunque Kachi Norio es anterior a T. kase, se ve\u00edan las mismas t\u00e9cnicas (ejemplo Kase dec\u00eda: SOLO en Heian nidan existe el Yoko Keage, al que antes me he referido) pero con uso de la din\u00e1mica y energ\u00eda diferente. Las posiciones: fudo, hangetsu, etc..eran las que hab\u00eda aprendido, diferentes de la JKA, as\u00ed como los katas\u2026<\/p>\n\n\n\n<p>Adem\u00e1s era evidente, para mi, que la JKA ment\u00eda descaradamente para justificar sus cambios t\u00e9cnicos y no quise saber nada de esa gente deshonesta (por ejemplo: llegu\u00e9&nbsp;a oir a un maestro JKA, en un curso, que c\u00f3mo era posible hacer fudo dachi si no hab\u00eda existido nunca y que s\u00f3lo se meti\u00f3 en karate shoto en sochin kata\u2026cuando en el libro en blanco y negro, de la primera edici\u00f3n del karate do Kyohan, del fundador Gichin Funakoshi, en las fotos,&nbsp;Gigo y Egami hacen fudo dachi\u2026 y fudo dachi NO es sochin dachi..). Este tipo de deshonestidades, no voy a pensar que son ignorantes\u2026pon\u00edan al descubierto un sistema basado en las mentiras. (la JKA no era m\u00e1s que una asociaci\u00f3n de universidades en su origen\u2026 como arriba he referido)<\/p>\n\n\n\n<p>Tras leer los escritos de&nbsp;<strong>Egami<\/strong>, busqu\u00e9&nbsp;quien hab\u00eda entrenado con \u00e9l, y entren\u00e9 con Harada varias veces, incluso lo traje a Bilbao, &nbsp;buscando esa parte del Shotokai que ven\u00eda de Gigo-Okuyama-Egami y, efectivamente, los conceptos del uso del cuerpo se un\u00edan a la tradici\u00f3n que buscaba y estaba en nuestra linea, con ejercicios interesantes, aunque el desarrollo de su grupo no me interesaba. Lo m\u00e1s&nbsp;interesante era para mi sus referencias hist\u00f3ricas, que me permit\u00edan unir piezas del puzzle, ese que quiere borrar de la historia la JKA.<\/p>\n\n\n\n<p><strong>H. Nishiyama<\/strong>, con su sistema b\u00e1sico y detallado de ense\u00f1anza me pareci\u00f3 excelente y&nbsp;<strong>H. Shirai<\/strong>, como mezcla de Kase y Nishiyama, un portento como karateka.<\/p>\n\n\n\n<p>De este modo las referencias para mi quedaban en&nbsp;<strong>T. kase<\/strong>&nbsp;para un nivel alto de karate (llamalo nivel 2), el sistema de ense\u00f1anza t\u00e9cnica desgranado de&nbsp;<strong>Nishiyama<\/strong>como herramienta de entreno de nivel 1 (<strong>Kanazawa<\/strong>tambi\u00e9n para kumite), algunos entrenamientos de&nbsp;<strong>Harada,<\/strong>&nbsp;y<strong>&nbsp;K. Miyahira<\/strong>&nbsp;como referencia hist\u00f3rica imprescindible en los kata y su significado, que me permit\u00eda desarrollar y comprender a\u00fan m\u00e1s el oyo bunkai de Kase.<\/p>\n\n\n\n<p><strong>K. Miyahira<\/strong>&nbsp;lo busqu\u00e9 porque era reconocido su respeto t\u00e9cnico a la linea de<strong>Chibana<\/strong>, su maestro, &nbsp;a la linea de&nbsp;<strong>Sokon<\/strong>&nbsp;<strong>Matsumura<\/strong>&nbsp;y hab\u00eda entrenado con<strong>Motobu<\/strong>, del que yo andaba interesado buscando su trabajo sobre<strong>&nbsp;Naihanchi<\/strong>. Fue un descubrimiento el Shorin Ryu para entender mi l\u00ednea. Los katas okinawenses daban otro sentido al concepto de bunkai y ridiculizaban algunas aplicaciones que hab\u00eda conocido.<\/p>\n\n\n\n<p>Otro aspecto que me sorprendi\u00f3 del karate Shorin era su enorme din\u00e1mica, lo que me hac\u00eda plantearme si el karate r\u00edgido de Gichin Funakoshi, que hac\u00eda shorin al llegar a Jap\u00f3n, &nbsp;no lo era tal, sino porque lleg\u00f3 mayor a jap\u00f3n y con artrosis\u2026 as\u00ed que los que copiaban ese karate\u2026.<\/p>\n\n\n\n<p>Conceptos sobre defensa, kata, los diferentes niveles, metodolog\u00eda de los entrenos, etc\u2026&nbsp; los ir\u00e9 desarrollando en otros textos..<\/p>\n","protected":false},"excerpt":{"rendered":"<p>Mi sistema de entrenamiento del Karate, or\u00edgenes y aprendizaje Inicio en 1981 el karate con&nbsp;Sakae Sakakibara,&nbsp;de&nbsp;Nanzan&nbsp;University, con la referencia de su maestro&nbsp;Kachi Norio, alumno de la universidad de&nbsp;Senshu, donde el instructor jefe era&nbsp;M.&nbsp;Hironishi (instructor jefe en el&nbsp;DOJO Shotokan&nbsp;deFunakoshi). Aunque waka sensei (Yoshitaka Funkoshi) era tambi\u00e9n instructor visitante en Senshu, as\u00ed como su padre Gichin Funakoshi, &hellip; <a href=\"https:\/\/samuname.com\/?page_id=40\" class=\"more-link\">Continuar leyendo<span class=\"screen-reader-text\"> \u00abKarate\u00bb<\/span><\/a><\/p>\n","protected":false},"author":1,"featured_media":0,"parent":0,"menu_order":0,"comment_status":"closed","ping_status":"closed","template":"","meta":{"sfsi_plus_gutenberg_text_before_share":"","sfsi_plus_gutenberg_show_text_before_share":"","sfsi_plus_gutenberg_icon_type":"","sfsi_plus_gutenberg_icon_alignemt":"","sfsi_plus_gutenburg_max_per_row":"","ngg_post_thumbnail":0,"footnotes":""},"class_list":["post-40","page","type-page","status-publish","hentry"],"_links":{"self":[{"href":"https:\/\/samuname.com\/index.php?rest_route=\/wp\/v2\/pages\/40","targetHints":{"allow":["GET"]}}],"collection":[{"href":"https:\/\/samuname.com\/index.php?rest_route=\/wp\/v2\/pages"}],"about":[{"href":"https:\/\/samuname.com\/index.php?rest_route=\/wp\/v2\/types\/page"}],"author":[{"embeddable":true,"href":"https:\/\/samuname.com\/index.php?rest_route=\/wp\/v2\/users\/1"}],"replies":[{"embeddable":true,"href":"https:\/\/samuname.com\/index.php?rest_route=%2Fwp%2Fv2%2Fcomments&post=40"}],"version-history":[{"count":4,"href":"https:\/\/samuname.com\/index.php?rest_route=\/wp\/v2\/pages\/40\/revisions"}],"predecessor-version":[{"id":69,"href":"https:\/\/samuname.com\/index.php?rest_route=\/wp\/v2\/pages\/40\/revisions\/69"}],"wp:attachment":[{"href":"https:\/\/samuname.com\/index.php?rest_route=%2Fwp%2Fv2%2Fmedia&parent=40"}],"curies":[{"name":"wp","href":"https:\/\/api.w.org\/{rel}","templated":true}]}}