{"id":51,"date":"2019-08-24T10:24:57","date_gmt":"2019-08-24T10:24:57","guid":{"rendered":"https:\/\/samuname.com\/?page_id=51"},"modified":"2019-09-14T22:37:27","modified_gmt":"2019-09-14T22:37:27","slug":"kaos","status":"publish","type":"page","link":"https:\/\/samuname.com\/?page_id=51","title":{"rendered":"Kaos"},"content":{"rendered":"\n<p>Kaos lo dise\u00f1\u00e9 en 1994 utilizando de manera consciente la palabra que defin\u00eda la Teor\u00eda de su mismo nombre  ( Robert L. Devaney;   Ilya Prigogine; E. Morin;  James Gleick&nbsp;) , intentando crear sinergias a trav\u00e9s de actividades que  retroalimentaran constantemente la creatividad y observar el resultado sobre los participantes de las actividades  culturales en constante estado de cambio y movimiento.<\/p>\n\n\n\n<p>Fase 1: 1995 -2002 (Base: Leioa).<\/p>\n\n\n\n<p>Tema: interdisciplinario<br>Marco: no exist\u00eda el trabajo interdisciplinario en forma de infraestructura, para la sociedad,si exist\u00eda en artistas. Creaci\u00f3n de una red de servicios independientes que forman un global de intervenci\u00f3n.<br>Infraestructuras:<br>Sala de conciertos: 300 personas<br>Discoteca- sala de conciertos: 2.000 personas<br>Local de 380m: Locales de ensayo de m\u00fasica, Laboratorio audiovisual,  Academia de m\u00fasica, teatro e audiovisual<\/p>\n\n\n\n<p>Fase 2: 2007-2015 (Base: Bilbao- Donostia \u2013 Getxo &#8211; Vitoria)<br>Marco: la sociedad es consumista\/ocio 100%. \u00danico modo de intervenci\u00f3n\/estudio es a trav\u00e9s del ocio y la participaci\u00f3n en el \u00e1mbito del consumo.<br>Producci\u00f3n y programaci\u00f3n audiovisual, musical y esc\u00e9nica. <\/p>\n\n\n\n<p> Infraestructuras: Local: 298 m<br><\/p>\n","protected":false},"excerpt":{"rendered":"<p>Kaos lo dise\u00f1\u00e9 en 1994 utilizando de manera consciente la palabra que defin\u00eda la Teor\u00eda de su mismo nombre ( Robert L. Devaney; Ilya Prigogine; E. Morin; James Gleick&nbsp;) , intentando crear sinergias a trav\u00e9s de actividades que retroalimentaran constantemente la creatividad y observar el resultado sobre los participantes de las actividades culturales en constante &hellip; <a href=\"https:\/\/samuname.com\/?page_id=51\" class=\"more-link\">Continuar leyendo<span class=\"screen-reader-text\"> \u00abKaos\u00bb<\/span><\/a><\/p>\n","protected":false},"author":1,"featured_media":334,"parent":0,"menu_order":0,"comment_status":"closed","ping_status":"closed","template":"","meta":{"sfsi_plus_gutenberg_text_before_share":"","sfsi_plus_gutenberg_show_text_before_share":"","sfsi_plus_gutenberg_icon_type":"","sfsi_plus_gutenberg_icon_alignemt":"","sfsi_plus_gutenburg_max_per_row":"","ngg_post_thumbnail":0,"footnotes":""},"class_list":["post-51","page","type-page","status-publish","has-post-thumbnail","hentry"],"_links":{"self":[{"href":"https:\/\/samuname.com\/index.php?rest_route=\/wp\/v2\/pages\/51","targetHints":{"allow":["GET"]}}],"collection":[{"href":"https:\/\/samuname.com\/index.php?rest_route=\/wp\/v2\/pages"}],"about":[{"href":"https:\/\/samuname.com\/index.php?rest_route=\/wp\/v2\/types\/page"}],"author":[{"embeddable":true,"href":"https:\/\/samuname.com\/index.php?rest_route=\/wp\/v2\/users\/1"}],"replies":[{"embeddable":true,"href":"https:\/\/samuname.com\/index.php?rest_route=%2Fwp%2Fv2%2Fcomments&post=51"}],"version-history":[{"count":6,"href":"https:\/\/samuname.com\/index.php?rest_route=\/wp\/v2\/pages\/51\/revisions"}],"predecessor-version":[{"id":333,"href":"https:\/\/samuname.com\/index.php?rest_route=\/wp\/v2\/pages\/51\/revisions\/333"}],"wp:featuredmedia":[{"embeddable":true,"href":"https:\/\/samuname.com\/index.php?rest_route=\/wp\/v2\/media\/334"}],"wp:attachment":[{"href":"https:\/\/samuname.com\/index.php?rest_route=%2Fwp%2Fv2%2Fmedia&parent=51"}],"curies":[{"name":"wp","href":"https:\/\/api.w.org\/{rel}","templated":true}]}}